{"id":56,"date":"2015-08-21T14:58:55","date_gmt":"2015-08-21T14:58:55","guid":{"rendered":"http:\/\/cooperationlentillykouila.org\/?page_id=56"},"modified":"2022-05-16T16:44:03","modified_gmt":"2022-05-16T16:44:03","slug":"participez-2","status":"publish","type":"page","link":"https:\/\/cooperationlentillykouila.org\/?page_id=56","title":{"rendered":"Participez !"},"content":{"rendered":"<h6>Il existe diff\u00e9rentes mani\u00e8res de participer aux actions de l&rsquo;association de jumelage Lentilly &#8211; Kouila Ziniar\u00e9 :<\/h6>\n<p>\u00a0<\/p>\n<p><a href=\"http:\/\/cooperationlentillykouila.org\/wp-content\/uploads\/2015\/08\/boll.jpg\"><img loading=\"lazy\" decoding=\"async\" class=\"wp-image-141 alignleft\" src=\"http:\/\/cooperationlentillykouila.org\/wp-content\/uploads\/2015\/08\/boll-400x280.jpg\" alt=\"\" width=\"150\" height=\"111\" \/><\/a><strong>En adh\u00e9rant \u00e0 l&rsquo;association &#8230;\u00a0<\/strong><br \/>et en nous donnant (ou pas) un coup de main : il y a de nombreux domaines \u00e0 explorer et tous les types de comp\u00e9tences, sont les bienvenus.<\/p>\n<p>\u00a0<\/p>\n<p><a href=\"http:\/\/cooperationlentillykouila.org\/wp-content\/uploads\/2015\/08\/boll.jpg\"><img loading=\"lazy\" decoding=\"async\" class=\"alignleft wp-image-141\" src=\"http:\/\/cooperationlentillykouila.org\/wp-content\/uploads\/2015\/08\/boll-400x280.jpg\" alt=\"boll\" width=\"150\" height=\"111\" \/><\/a><strong>En achetant de l&rsquo;artisanat ramen\u00e9 directement par nos soins<\/strong> : <strong><a href=\"http:\/\/cooperationlentillykouila.org\/?page_id=111\">suivez l&rsquo;actualit\u00e9<\/a><\/strong> pour conna\u00eetre les prochaines dates !\u00a0<br \/>Notre engagement : un euro collect\u00e9 ici, c&rsquo;est un euro d\u00e9pens\u00e9 \u00e0 Kouila !<\/p>\n<p>\u00a0<\/p>\n<p><strong>En participant financi\u00e8rement aux actions :<\/strong><\/p>\n<ul>\n<li><a href=\"http:\/\/cooperationlentillykouila.org\/wp-content\/uploads\/2022\/05\/fichier-appel-a-dons-2022.pdf\" target=\"_blank\" rel=\"noopener\"><strong>Via le lien vers le Formulaire PDF de don \u00e0 imprimer, \u00e0 renseigner puis \u00e0 retourner \u00e0 l\u2019association avec votre aimable r\u00e8glement.<\/strong><\/a><\/li>\n<li>Via la plateforme \u00ab HelloAsso \u00bb ci-dessous, qui vous permet un r\u00e8glement en ligne : <iframe id=\"haWidget\" style=\"width: 100%; height: 1800px; border: none;\" src=\"https:\/\/www.helloasso.com\/associations\/comite-jumelage-cooperation-lentilly-kouila\/formulaires\/1\/widget\" scrolling=\"auto\"><\/iframe><\/li>\n<\/ul>\n\n\n<p><\/p>\n","protected":false},"excerpt":{"rendered":"<p>Il existe diff\u00e9rentes mani\u00e8res de participer aux actions de l&rsquo;association de jumelage Lentilly &#8211; Kouila Ziniar\u00e9 : \u00a0 En adh\u00e9rant \u00e0 l&rsquo;association &#8230;\u00a0et en nous donnant (ou pas) un coup de main : il y [&hellip;]<\/p>\n","protected":false},"author":1,"featured_media":205,"parent":0,"menu_order":0,"comment_status":"closed","ping_status":"closed","template":"page-fullwidth.php","meta":{"_acf_changed":false,"footnotes":""},"class_list":["post-56","page","type-page","status-publish","has-post-thumbnail","hentry"],"acf":[],"yoast_head":"<!-- This site is optimized with the Yoast SEO plugin v27.5 - https:\/\/yoast.com\/product\/yoast-seo-wordpress\/ -->\n<title>Participez ! - Coop\u00e9ration Lentilly Kouila<\/title>\n<meta name=\"robots\" content=\"index, follow, max-snippet:-1, max-image-preview:large, max-video-preview:-1\" \/>\n<link rel=\"canonical\" href=\"https:\/\/cooperationlentillykouila.org\/?page_id=56\" \/>\n<meta property=\"og:locale\" content=\"fr_FR\" \/>\n<meta property=\"og:type\" content=\"article\" \/>\n<meta property=\"og:title\" content=\"Participez ! - Coop\u00e9ration Lentilly Kouila\" \/>\n<meta property=\"og:description\" content=\"Il existe diff\u00e9rentes mani\u00e8res de participer aux actions de l&rsquo;association de jumelage Lentilly &#8211; Kouila Ziniar\u00e9 : \u00a0 En adh\u00e9rant \u00e0 l&rsquo;association &#8230;\u00a0et en nous donnant (ou pas) un coup de main : il y [&hellip;]\" \/>\n<meta property=\"og:url\" content=\"https:\/\/cooperationlentillykouila.org\/?page_id=56\" \/>\n<meta property=\"og:site_name\" content=\"Coop\u00e9ration Lentilly Kouila\" \/>\n<meta property=\"article:modified_time\" content=\"2022-05-16T16:44:03+00:00\" \/>\n<meta property=\"og:image\" content=\"https:\/\/cooperationlentillykouila.org\/wp-content\/uploads\/2015\/09\/PD_38_File_006-2-e1455358232271.jpg\" \/>\n\t<meta property=\"og:image:width\" content=\"2270\" \/>\n\t<meta property=\"og:image:height\" content=\"737\" \/>\n\t<meta property=\"og:image:type\" content=\"image\/jpeg\" \/>\n<meta name=\"twitter:card\" content=\"summary_large_image\" \/>\n<meta name=\"twitter:label1\" content=\"Dur\u00e9e de lecture est.\" \/>\n\t<meta name=\"twitter:data1\" content=\"1 minute\" \/>\n<script type=\"application\/ld+json\" class=\"yoast-schema-graph\">{\"@context\":\"https:\\\/\\\/schema.org\",\"@graph\":[{\"@type\":\"WebPage\",\"@id\":\"https:\\\/\\\/cooperationlentillykouila.org\\\/?page_id=56\",\"url\":\"https:\\\/\\\/cooperationlentillykouila.org\\\/?page_id=56\",\"name\":\"Participez ! - Coop\u00e9ration Lentilly Kouila\",\"isPartOf\":{\"@id\":\"https:\\\/\\\/cooperationlentillykouila.org\\\/#website\"},\"primaryImageOfPage\":{\"@id\":\"https:\\\/\\\/cooperationlentillykouila.org\\\/?page_id=56#primaryimage\"},\"image\":{\"@id\":\"https:\\\/\\\/cooperationlentillykouila.org\\\/?page_id=56#primaryimage\"},\"thumbnailUrl\":\"https:\\\/\\\/cooperationlentillykouila.org\\\/wp-content\\\/uploads\\\/2015\\\/09\\\/PD_38_File_006-2-e1455358232271.jpg\",\"datePublished\":\"2015-08-21T14:58:55+00:00\",\"dateModified\":\"2022-05-16T16:44:03+00:00\",\"breadcrumb\":{\"@id\":\"https:\\\/\\\/cooperationlentillykouila.org\\\/?page_id=56#breadcrumb\"},\"inLanguage\":\"fr-BE\",\"potentialAction\":[{\"@type\":\"ReadAction\",\"target\":[\"https:\\\/\\\/cooperationlentillykouila.org\\\/?page_id=56\"]}]},{\"@type\":\"ImageObject\",\"inLanguage\":\"fr-BE\",\"@id\":\"https:\\\/\\\/cooperationlentillykouila.org\\\/?page_id=56#primaryimage\",\"url\":\"https:\\\/\\\/cooperationlentillykouila.org\\\/wp-content\\\/uploads\\\/2015\\\/09\\\/PD_38_File_006-2-e1455358232271.jpg\",\"contentUrl\":\"https:\\\/\\\/cooperationlentillykouila.org\\\/wp-content\\\/uploads\\\/2015\\\/09\\\/PD_38_File_006-2-e1455358232271.jpg\",\"width\":2270,\"height\":737},{\"@type\":\"BreadcrumbList\",\"@id\":\"https:\\\/\\\/cooperationlentillykouila.org\\\/?page_id=56#breadcrumb\",\"itemListElement\":[{\"@type\":\"ListItem\",\"position\":1,\"name\":\"Home\",\"item\":\"https:\\\/\\\/cooperationlentillykouila.org\\\/\"},{\"@type\":\"ListItem\",\"position\":2,\"name\":\"Participez !\"}]},{\"@type\":\"WebSite\",\"@id\":\"https:\\\/\\\/cooperationlentillykouila.org\\\/#website\",\"url\":\"https:\\\/\\\/cooperationlentillykouila.org\\\/\",\"name\":\"Coop\u00e9ration Lentilly Kouila\",\"description\":\"\",\"potentialAction\":[{\"@type\":\"SearchAction\",\"target\":{\"@type\":\"EntryPoint\",\"urlTemplate\":\"https:\\\/\\\/cooperationlentillykouila.org\\\/?s={search_term_string}\"},\"query-input\":{\"@type\":\"PropertyValueSpecification\",\"valueRequired\":true,\"valueName\":\"search_term_string\"}}],\"inLanguage\":\"fr-BE\"}]}<\/script>\n<!-- \/ Yoast SEO plugin. -->","yoast_head_json":{"title":"Participez ! - Coop\u00e9ration Lentilly Kouila","robots":{"index":"index","follow":"follow","max-snippet":"max-snippet:-1","max-image-preview":"max-image-preview:large","max-video-preview":"max-video-preview:-1"},"canonical":"https:\/\/cooperationlentillykouila.org\/?page_id=56","og_locale":"fr_FR","og_type":"article","og_title":"Participez ! - Coop\u00e9ration Lentilly Kouila","og_description":"Il existe diff\u00e9rentes mani\u00e8res de participer aux actions de l&rsquo;association de jumelage Lentilly &#8211; Kouila Ziniar\u00e9 : \u00a0 En adh\u00e9rant \u00e0 l&rsquo;association &#8230;\u00a0et en nous donnant (ou pas) un coup de main : il y [&hellip;]","og_url":"https:\/\/cooperationlentillykouila.org\/?page_id=56","og_site_name":"Coop\u00e9ration Lentilly Kouila","article_modified_time":"2022-05-16T16:44:03+00:00","og_image":[{"width":2270,"height":737,"url":"https:\/\/cooperationlentillykouila.org\/wp-content\/uploads\/2015\/09\/PD_38_File_006-2-e1455358232271.jpg","type":"image\/jpeg"}],"twitter_card":"summary_large_image","twitter_misc":{"Dur\u00e9e de lecture est.":"1 minute"},"schema":{"@context":"https:\/\/schema.org","@graph":[{"@type":"WebPage","@id":"https:\/\/cooperationlentillykouila.org\/?page_id=56","url":"https:\/\/cooperationlentillykouila.org\/?page_id=56","name":"Participez ! - Coop\u00e9ration Lentilly Kouila","isPartOf":{"@id":"https:\/\/cooperationlentillykouila.org\/#website"},"primaryImageOfPage":{"@id":"https:\/\/cooperationlentillykouila.org\/?page_id=56#primaryimage"},"image":{"@id":"https:\/\/cooperationlentillykouila.org\/?page_id=56#primaryimage"},"thumbnailUrl":"https:\/\/cooperationlentillykouila.org\/wp-content\/uploads\/2015\/09\/PD_38_File_006-2-e1455358232271.jpg","datePublished":"2015-08-21T14:58:55+00:00","dateModified":"2022-05-16T16:44:03+00:00","breadcrumb":{"@id":"https:\/\/cooperationlentillykouila.org\/?page_id=56#breadcrumb"},"inLanguage":"fr-BE","potentialAction":[{"@type":"ReadAction","target":["https:\/\/cooperationlentillykouila.org\/?page_id=56"]}]},{"@type":"ImageObject","inLanguage":"fr-BE","@id":"https:\/\/cooperationlentillykouila.org\/?page_id=56#primaryimage","url":"https:\/\/cooperationlentillykouila.org\/wp-content\/uploads\/2015\/09\/PD_38_File_006-2-e1455358232271.jpg","contentUrl":"https:\/\/cooperationlentillykouila.org\/wp-content\/uploads\/2015\/09\/PD_38_File_006-2-e1455358232271.jpg","width":2270,"height":737},{"@type":"BreadcrumbList","@id":"https:\/\/cooperationlentillykouila.org\/?page_id=56#breadcrumb","itemListElement":[{"@type":"ListItem","position":1,"name":"Home","item":"https:\/\/cooperationlentillykouila.org\/"},{"@type":"ListItem","position":2,"name":"Participez !"}]},{"@type":"WebSite","@id":"https:\/\/cooperationlentillykouila.org\/#website","url":"https:\/\/cooperationlentillykouila.org\/","name":"Coop\u00e9ration Lentilly Kouila","description":"","potentialAction":[{"@type":"SearchAction","target":{"@type":"EntryPoint","urlTemplate":"https:\/\/cooperationlentillykouila.org\/?s={search_term_string}"},"query-input":{"@type":"PropertyValueSpecification","valueRequired":true,"valueName":"search_term_string"}}],"inLanguage":"fr-BE"}]}},"_links":{"self":[{"href":"https:\/\/cooperationlentillykouila.org\/index.php?rest_route=\/wp\/v2\/pages\/56","targetHints":{"allow":["GET"]}}],"collection":[{"href":"https:\/\/cooperationlentillykouila.org\/index.php?rest_route=\/wp\/v2\/pages"}],"about":[{"href":"https:\/\/cooperationlentillykouila.org\/index.php?rest_route=\/wp\/v2\/types\/page"}],"author":[{"embeddable":true,"href":"https:\/\/cooperationlentillykouila.org\/index.php?rest_route=\/wp\/v2\/users\/1"}],"replies":[{"embeddable":true,"href":"https:\/\/cooperationlentillykouila.org\/index.php?rest_route=%2Fwp%2Fv2%2Fcomments&post=56"}],"version-history":[{"count":65,"href":"https:\/\/cooperationlentillykouila.org\/index.php?rest_route=\/wp\/v2\/pages\/56\/revisions"}],"predecessor-version":[{"id":864,"href":"https:\/\/cooperationlentillykouila.org\/index.php?rest_route=\/wp\/v2\/pages\/56\/revisions\/864"}],"wp:featuredmedia":[{"embeddable":true,"href":"https:\/\/cooperationlentillykouila.org\/index.php?rest_route=\/wp\/v2\/media\/205"}],"wp:attachment":[{"href":"https:\/\/cooperationlentillykouila.org\/index.php?rest_route=%2Fwp%2Fv2%2Fmedia&parent=56"}],"curies":[{"name":"wp","href":"https:\/\/api.w.org\/{rel}","templated":true}]}}